{"id":97,"date":"2020-09-04T08:00:18","date_gmt":"2020-09-04T11:00:18","guid":{"rendered":"http:\/\/profile.net.br\/demo\/sincomam1\/?page_id=97"},"modified":"2026-04-08T12:28:56","modified_gmt":"2026-04-08T15:28:56","slug":"departamento-juridico","status":"publish","type":"page","link":"https:\/\/www.sincomam.org.br\/index.php\/departamento-juridico\/","title":{"rendered":"Departamento Jur\u00eddico"},"content":{"rendered":"<p><strong><a href=\"https:\/\/www.sincomam.org.br\/wp-content\/uploads\/2021\/09\/FOTO-DR-JULIO-2.jpg\"><img decoding=\"async\" class=\" wp-image-35806 alignleft\" src=\"https:\/\/www.sincomam.org.br\/wp-content\/uploads\/2021\/09\/FOTO-DR-JULIO-2.jpg\" alt=\"\" width=\"161\" height=\"204\" \/><\/a><\/strong><\/p>\n<p><strong>Dr. Julio Cezar Torquato<\/strong><\/p>\n<p><strong>\u00a0Chefe do Departamento Jur\u00eddico<\/strong><\/p>\n<p>Graduado pela Faculdade Brasileira de Ci\u00eancias Jur\u00eddicas (FBCJ), \u00e9 advogado militante nas \u00e1reas de Direito da Fam\u00edlia, Direito do Consumidor e Direito do Trabalho. P\u00f3s-graduado em Direito e Processo do Trabalho, Complementa\u00e7\u00e3o Pedag\u00f3gica e Direito Processual Civil pela Universidade C\u00e2ndido Mendes, e P\u00f3s-graduado em Direito das Fam\u00edlias e Sucess\u00f5es pela Faculdade CERS. Diplomado no Curso de Direito Mar\u00edtimo pela Escola Superior de Advocacia (ESA\/OAB). Atua como Assistente de Ensino da Funda\u00e7\u00e3o Get\u00falio Vargas (FGV Direito Rio), tendo sido homenageado pela FGV Direito Rio, em reconhecimento ao desempenho exemplar e \u00e0 valiosa contribui\u00e7\u00e3o como Assistente de Ensino na P\u00f3s-Gradua\u00e7\u00e3o Lato Sensu \u2013 FGV Rio Law Program. Premiado pelo trabalho\u00a0<i>\u201cA Universidade como Instrumento de Cidadania e Responsabilidade Social\u201d<\/i>. Agraciado pelo Ex\u00e9rcito Brasileiro com a medalha \u201cSangue dos Her\u00f3is\u201d, concedida pela Associa\u00e7\u00e3o Nacional dos Veteranos da For\u00e7a Expedicion\u00e1ria Brasileira (FEB) \u2013 Se\u00e7\u00e3o Nova Igua\u00e7u\/RJ.<\/p>\n<p>________________________________________________________________________________________________<\/p>\n<p class=\"aLF-aPX-K0-aPE\"><a href=\"https:\/\/www.sincomam.org.br\/wp-content\/uploads\/2025\/09\/IGOR-GONCALVES-DE-SOUZA-2.jpg\"><img decoding=\"async\" class=\"alignleft wp-image-61062\" src=\"https:\/\/www.sincomam.org.br\/wp-content\/uploads\/2025\/09\/IGOR-GONCALVES-DE-SOUZA-2-244x300.jpg\" alt=\"\" width=\"183\" height=\"225\" srcset=\"https:\/\/www.sincomam.org.br\/wp-content\/uploads\/2025\/09\/IGOR-GONCALVES-DE-SOUZA-2-244x300.jpg 244w, https:\/\/www.sincomam.org.br\/wp-content\/uploads\/2025\/09\/IGOR-GONCALVES-DE-SOUZA-2.jpg 336w\" sizes=\"(max-width: 183px) 100vw, 183px\" \/><\/a><strong>Dr. Igor Gon\u00e7alves de Souza<\/strong><\/p>\n<p class=\"aLF-aPX-K0-aPE\"><strong>Assessor Jur\u00eddico<\/strong><\/p>\n<p class=\"aLF-aPX-K0-aPE\">Graduado pela Universidade Veiga de Almeida-UVA, P\u00f3s-graduado em Direito Administrativo e Contratos pela Escola Mineira de Direito- EMD, \u00a0advogado militante na \u00e1rea previdenci\u00e1ria e trabalhista. Atuou com assistente na Secretaria de Desenvolvimento do Estado do Rio de Janeiro. Atualmente advogado do setor de Acordos Coletivos de Trabalho.<\/p>\n<p>&nbsp;<\/p>\n<p>________________________________________________________________________________________________<\/p>\n<p>&nbsp;<\/p>\n<p><a href=\"https:\/\/www.sincomam.org.br\/wp-content\/uploads\/2024\/06\/Foto-Dra-Ana-Clara.jpeg\"><img decoding=\"async\" class=\"alignleft wp-image-51909\" src=\"https:\/\/www.sincomam.org.br\/wp-content\/uploads\/2024\/06\/Foto-Dra-Ana-Clara-300x300.jpeg\" alt=\"\" width=\"187\" height=\"187\" srcset=\"https:\/\/www.sincomam.org.br\/wp-content\/uploads\/2024\/06\/Foto-Dra-Ana-Clara-300x300.jpeg 300w, https:\/\/www.sincomam.org.br\/wp-content\/uploads\/2024\/06\/Foto-Dra-Ana-Clara-1024x1024.jpeg 1024w, https:\/\/www.sincomam.org.br\/wp-content\/uploads\/2024\/06\/Foto-Dra-Ana-Clara-150x150.jpeg 150w, https:\/\/www.sincomam.org.br\/wp-content\/uploads\/2024\/06\/Foto-Dra-Ana-Clara-768x768.jpeg 768w, https:\/\/www.sincomam.org.br\/wp-content\/uploads\/2024\/06\/Foto-Dra-Ana-Clara-1536x1536.jpeg 1536w, https:\/\/www.sincomam.org.br\/wp-content\/uploads\/2024\/06\/Foto-Dra-Ana-Clara.jpeg 1600w\" sizes=\"(max-width: 187px) 100vw, 187px\" \/><\/a><strong>Dra. Ana Clara Ferreira dos Santos<\/strong><\/p>\n<p><strong>Assessora Jur\u00eddica<\/strong><\/p>\n<p style=\"font-weight: 400;\">Graduada em direito pela Universidade UniAbeu, e em Publicidade pela Faculdade Unigranrio. P\u00f3s graduada em Direito do Trabalho e Direito Processual do Trabalho. Advogada do setor de contencioso, \u00a0militante em Direito do Consumidor e Direito do Trabalho. Foi estagi\u00e1ria na Defensoria P\u00fablica do Estado do RJ, na Vara C\u00edvel do TJ RJ e no setor tribut\u00e1rio da Procuradoria do Munic\u00edpio. Participou do programa de mentoria jur\u00eddica da OAB\/RJ. Foi delegada de prerrogativas pela seccional OAB Rio. Atuante nas esferas c\u00edvel e trabalhista. Ingl\u00eas avan\u00e7ado pelo curso de idiomas CNA.<\/p>\n<p class=\"aLF-aPX-K0-aPE\">________________________________________________________________________________________________<\/p>\n<p class=\"aLF-aPX-K0-aPE\"><a href=\"https:\/\/www.sincomam.org.br\/wp-content\/uploads\/2024\/06\/FOTO-Dra-Mariana.jpeg\"><img loading=\"lazy\" decoding=\"async\" class=\"alignleft wp-image-51910\" src=\"https:\/\/www.sincomam.org.br\/wp-content\/uploads\/2024\/06\/FOTO-Dra-Mariana-186x300.jpeg\" alt=\"\" width=\"161\" height=\"259\" srcset=\"https:\/\/www.sincomam.org.br\/wp-content\/uploads\/2024\/06\/FOTO-Dra-Mariana-186x300.jpeg 186w, https:\/\/www.sincomam.org.br\/wp-content\/uploads\/2024\/06\/FOTO-Dra-Mariana.jpeg 349w\" sizes=\"(max-width: 161px) 100vw, 161px\" \/><\/a><strong>Dra. Mariana Rodrigues da Silva<\/strong><\/p>\n<p class=\"aLF-aPX-K0-aPE\"><strong> Assessora Jur\u00eddica<\/strong><\/p>\n<p class=\"aLF-aPX-K0-aPE\">Graduada pela Universidade Veiga de Almeida. Cursando p\u00f3s-gradua\u00e7\u00e3o em Direito Civil e Processo Civil na Faculdade Legale. Curso de negocia\u00e7\u00e3o e forma\u00e7\u00e3o de contratos pela FGV &#8211; Funda\u00e7\u00e3o Get\u00falio Vargas. Curso de Idiomas: Ingl\u00eas (Avan\u00e7ado) \u2013 CCAA (Centro de Cultura Anglo \u2013 Americana).<\/p>\n<p>&nbsp;<\/p>\n<p>&nbsp;<\/p>\n<p class=\"aLF-aPX-K0-aPE\">________________________________________________________________________________________________<\/p>\n<p><a href=\"https:\/\/www.sincomam.org.br\/wp-content\/uploads\/2025\/10\/BARBARA-BARROCO-TEIXEIRA.jpg\"><img loading=\"lazy\" decoding=\"async\" class=\"alignleft wp-image-61726\" src=\"https:\/\/www.sincomam.org.br\/wp-content\/uploads\/2025\/10\/BARBARA-BARROCO-TEIXEIRA-230x300.jpg\" alt=\"\" width=\"143\" height=\"186\" srcset=\"https:\/\/www.sincomam.org.br\/wp-content\/uploads\/2025\/10\/BARBARA-BARROCO-TEIXEIRA-230x300.jpg 230w, https:\/\/www.sincomam.org.br\/wp-content\/uploads\/2025\/10\/BARBARA-BARROCO-TEIXEIRA.jpg 341w\" sizes=\"(max-width: 143px) 100vw, 143px\" \/><\/a><strong>Dra. B\u00e1rbara Barroco Teixeira<\/strong><\/p>\n<p><strong>Assessora Jur\u00eddica<\/strong><\/p>\n<p>Advogada, com vasta experi\u00eancia na \u00e1rea c\u00edvel, p\u00f3s-graduada em Doc\u00eancia no Ensino Superior e em Direito Aduaneiro, p\u00f3s-graduanda em Direito de Fam\u00edlia e Sucess\u00f5es pela Legale Educacional. Advogada do setor contencioso, militante nas \u00e1reas do Direito das Fam\u00edlias e do Direito do Consumidor. Foi estagi\u00e1ria no N\u00facleo de Primeiro Atendimento da Defensoria P\u00fablica do Estado do Rio de Janeiro, atuante no segmento de Fam\u00edlia, Inf\u00e2ncia e Juventude. Profici\u00eancia na l\u00edngua inglesa pela Escola de Idiomas Wizard.<\/p>\n<p>________________________________________________________________________________________________<\/p>\n<p><a href=\"https:\/\/www.sincomam.org.br\/wp-content\/uploads\/2026\/01\/WhatsApp-Image-2026-01-14-at-16.58.26.jpeg\"><img loading=\"lazy\" decoding=\"async\" class=\"alignleft wp-image-63442\" src=\"https:\/\/www.sincomam.org.br\/wp-content\/uploads\/2026\/01\/WhatsApp-Image-2026-01-14-at-16.58.26-232x300.jpeg\" alt=\"\" width=\"142\" height=\"184\" srcset=\"https:\/\/www.sincomam.org.br\/wp-content\/uploads\/2026\/01\/WhatsApp-Image-2026-01-14-at-16.58.26-232x300.jpeg 232w, https:\/\/www.sincomam.org.br\/wp-content\/uploads\/2026\/01\/WhatsApp-Image-2026-01-14-at-16.58.26.jpeg 297w\" sizes=\"(max-width: 142px) 100vw, 142px\" \/><\/a><\/p>\n<p style=\"font-weight: 400;\"><strong>Dra. Yve Bacildo Man\u00e7ano Batista<\/strong><\/p>\n<p style=\"font-weight: 400;\"><strong> Assessora Jur\u00eddica<\/strong><\/p>\n<p style=\"font-weight: 400;\">Graduada pela Faculdade Presbiteriana Mackenzie Rio. P\u00f3s-graduanda lato sensu em Direito Imobili\u00e1rio pela Legale. Certifica\u00e7\u00f5es pela Escola Superior de Advocacia (ESA) em Extin\u00e7\u00e3o das Obriga\u00e7\u00f5es do Falido, Il\u00edcito Tribut\u00e1rio e Conceitos da LGPD.<\/p>\n<p>&nbsp;<\/p>\n<p>________________________________________________________________________________________________<\/p>\n<p><a href=\"https:\/\/www.sincomam.org.br\/wp-content\/uploads\/2026\/04\/PALOMA-NOIA-DE-OLIVEIRA-HENRIQUES.jpg\"><img loading=\"lazy\" decoding=\"async\" class=\"alignleft wp-image-64814\" src=\"https:\/\/www.sincomam.org.br\/wp-content\/uploads\/2026\/04\/PALOMA-NOIA-DE-OLIVEIRA-HENRIQUES-228x300.jpg\" alt=\"\" width=\"149\" height=\"196\" srcset=\"https:\/\/www.sincomam.org.br\/wp-content\/uploads\/2026\/04\/PALOMA-NOIA-DE-OLIVEIRA-HENRIQUES-228x300.jpg 228w, https:\/\/www.sincomam.org.br\/wp-content\/uploads\/2026\/04\/PALOMA-NOIA-DE-OLIVEIRA-HENRIQUES.jpg 348w\" sizes=\"(max-width: 149px) 100vw, 149px\" \/><\/a><\/p>\n<p style=\"font-weight: 400;\"><strong>Dra. Paloma Noia de Oliveira Henriques<\/strong><\/p>\n<p style=\"font-weight: 400;\"><strong> Assessora Jur\u00eddica<\/strong><\/p>\n<p style=\"font-weight: 400;\">Advogada, graduada pela Universidade Igua\u00e7u-UNIG, P\u00f3s-graduada Lato Sensu em direito e processo do trabalho e direito previdenci\u00e1rio, pela universidade Est\u00e1cio de S\u00e1, militante em Direito do Consumidor e Direito administrativo. Atuou como advogada na Companhia de Desenvolvimento de Nova Igua\u00e7u. Atualmente advogada do setor de Acordos Coletivos de Trabalho.<\/p>\n<p>&nbsp;<\/p>\n","protected":false},"excerpt":{"rendered":"<p>Dr. Julio Cezar Torquato \u00a0Chefe do Departamento Jur\u00eddico Graduado pela Faculdade Brasileira de Ci\u00eancias Jur\u00eddicas (FBCJ), \u00e9 advogado militante nas \u00e1reas de Direito da Fam\u00edlia,&#8230;<\/p>\n","protected":false},"author":1187,"featured_media":507,"parent":0,"menu_order":0,"comment_status":"closed","ping_status":"closed","template":"page-template-fullwidth.php","meta":{"footnotes":""},"class_list":["post-97","page","type-page","status-publish","has-post-thumbnail","hentry"],"_links":{"self":[{"href":"https:\/\/www.sincomam.org.br\/index.php\/wp-json\/wp\/v2\/pages\/97","targetHints":{"allow":["GET"]}}],"collection":[{"href":"https:\/\/www.sincomam.org.br\/index.php\/wp-json\/wp\/v2\/pages"}],"about":[{"href":"https:\/\/www.sincomam.org.br\/index.php\/wp-json\/wp\/v2\/types\/page"}],"author":[{"embeddable":true,"href":"https:\/\/www.sincomam.org.br\/index.php\/wp-json\/wp\/v2\/users\/1187"}],"replies":[{"embeddable":true,"href":"https:\/\/www.sincomam.org.br\/index.php\/wp-json\/wp\/v2\/comments?post=97"}],"version-history":[{"count":300,"href":"https:\/\/www.sincomam.org.br\/index.php\/wp-json\/wp\/v2\/pages\/97\/revisions"}],"predecessor-version":[{"id":64818,"href":"https:\/\/www.sincomam.org.br\/index.php\/wp-json\/wp\/v2\/pages\/97\/revisions\/64818"}],"wp:featuredmedia":[{"embeddable":true,"href":"https:\/\/www.sincomam.org.br\/index.php\/wp-json\/wp\/v2\/media\/507"}],"wp:attachment":[{"href":"https:\/\/www.sincomam.org.br\/index.php\/wp-json\/wp\/v2\/media?parent=97"}],"curies":[{"name":"wp","href":"https:\/\/api.w.org\/{rel}","templated":true}]}}

Departamento Jurídico

<p><strong><a href="https://www.sincomam.org.br/wp-content/uploads/2021/09/FOTO-DR-JULIO-2.jpg"><img decoding="async" class=" wp-image-35806 alignleft" src="https://www.sincomam.org.br/wp-content/uploads/2021/09/FOTO-DR-JULIO-2.jpg" alt="" width="161" height="204" /></a></strong></p>
<p><strong>Dr. Julio Cezar Torquato</strong></p>
<p><strong> Chefe do Departamento Jurídico</strong></p>
<p>Graduado pela Faculdade Brasileira de Ciências Jurídicas (FBCJ), é advogado militante nas áreas de Direito da Família, Direito do Consumidor e Direito do Trabalho. Pós-graduado em Direito e Processo do Trabalho, Complementação Pedagógica e Direito Processual Civil pela Universidade Cândido Mendes, e Pós-graduado em Direito das Famílias e Sucessões pela Faculdade CERS. Diplomado no Curso de Direito Marítimo pela Escola Superior de Advocacia (ESA/OAB). Atua como Assistente de Ensino da Fundação Getúlio Vargas (FGV Direito Rio), tendo sido homenageado pela FGV Direito Rio, em reconhecimento ao desempenho exemplar e à valiosa contribuição como Assistente de Ensino na Pós-Graduação Lato Sensu – FGV Rio Law Program. Premiado pelo trabalho <i>“A Universidade como Instrumento de Cidadania e Responsabilidade Social”</i>. Agraciado pelo Exército Brasileiro com a medalha “Sangue dos Heróis”, concedida pela Associação Nacional dos Veteranos da Força Expedicionária Brasileira (FEB) – Seção Nova Iguaçu/RJ.</p>
<p>________________________________________________________________________________________________</p>
<p class="aLF-aPX-K0-aPE"><a href="https://www.sincomam.org.br/wp-content/uploads/2025/09/IGOR-GONCALVES-DE-SOUZA-2.jpg"><img decoding="async" class="alignleft wp-image-61062" src="https://www.sincomam.org.br/wp-content/uploads/2025/09/IGOR-GONCALVES-DE-SOUZA-2-244x300.jpg" alt="" width="183" height="225" srcset="https://www.sincomam.org.br/wp-content/uploads/2025/09/IGOR-GONCALVES-DE-SOUZA-2-244x300.jpg 244w, https://www.sincomam.org.br/wp-content/uploads/2025/09/IGOR-GONCALVES-DE-SOUZA-2.jpg 336w" sizes="(max-width: 183px) 100vw, 183px" /></a><strong>Dr. Igor Gonçalves de Souza</strong></p>
<p class="aLF-aPX-K0-aPE"><strong>Assessor Jurídico</strong></p>
<p class="aLF-aPX-K0-aPE">Graduado pela Universidade Veiga de Almeida-UVA, Pós-graduado em Direito Administrativo e Contratos pela Escola Mineira de Direito- EMD,  advogado militante na área previdenciária e trabalhista. Atuou com assistente na Secretaria de Desenvolvimento do Estado do Rio de Janeiro. Atualmente advogado do setor de Acordos Coletivos de Trabalho.</p>
<p>&nbsp;</p>
<p>________________________________________________________________________________________________</p>
<p>&nbsp;</p>
<p><a href="https://www.sincomam.org.br/wp-content/uploads/2024/06/Foto-Dra-Ana-Clara.jpeg"><img decoding="async" class="alignleft wp-image-51909" src="https://www.sincomam.org.br/wp-content/uploads/2024/06/Foto-Dra-Ana-Clara-300x300.jpeg" alt="" width="187" height="187" srcset="https://www.sincomam.org.br/wp-content/uploads/2024/06/Foto-Dra-Ana-Clara-300x300.jpeg 300w, https://www.sincomam.org.br/wp-content/uploads/2024/06/Foto-Dra-Ana-Clara-1024x1024.jpeg 1024w, https://www.sincomam.org.br/wp-content/uploads/2024/06/Foto-Dra-Ana-Clara-150x150.jpeg 150w, https://www.sincomam.org.br/wp-content/uploads/2024/06/Foto-Dra-Ana-Clara-768x768.jpeg 768w, https://www.sincomam.org.br/wp-content/uploads/2024/06/Foto-Dra-Ana-Clara-1536x1536.jpeg 1536w, https://www.sincomam.org.br/wp-content/uploads/2024/06/Foto-Dra-Ana-Clara.jpeg 1600w" sizes="(max-width: 187px) 100vw, 187px" /></a><strong>Dra. Ana Clara Ferreira dos Santos</strong></p>
<p><strong>Assessora Jurídica</strong></p>
<p style="font-weight: 400;">Graduada em direito pela Universidade UniAbeu, e em Publicidade pela Faculdade Unigranrio. Pós graduada em Direito do Trabalho e Direito Processual do Trabalho. Advogada do setor de contencioso,  militante em Direito do Consumidor e Direito do Trabalho. Foi estagiária na Defensoria Pública do Estado do RJ, na Vara Cível do TJ RJ e no setor tributário da Procuradoria do Município. Participou do programa de mentoria jurídica da OAB/RJ. Foi delegada de prerrogativas pela seccional OAB Rio. Atuante nas esferas cível e trabalhista. Inglês avançado pelo curso de idiomas CNA.</p>
<p class="aLF-aPX-K0-aPE">________________________________________________________________________________________________</p>
<p class="aLF-aPX-K0-aPE"><a href="https://www.sincomam.org.br/wp-content/uploads/2024/06/FOTO-Dra-Mariana.jpeg"><img loading="lazy" decoding="async" class="alignleft wp-image-51910" src="https://www.sincomam.org.br/wp-content/uploads/2024/06/FOTO-Dra-Mariana-186x300.jpeg" alt="" width="161" height="259" srcset="https://www.sincomam.org.br/wp-content/uploads/2024/06/FOTO-Dra-Mariana-186x300.jpeg 186w, https://www.sincomam.org.br/wp-content/uploads/2024/06/FOTO-Dra-Mariana.jpeg 349w" sizes="(max-width: 161px) 100vw, 161px" /></a><strong>Dra. Mariana Rodrigues da Silva</strong></p>
<p class="aLF-aPX-K0-aPE"><strong> Assessora Jurídica</strong></p>
<p class="aLF-aPX-K0-aPE">Graduada pela Universidade Veiga de Almeida. Cursando pós-graduação em Direito Civil e Processo Civil na Faculdade Legale. Curso de negociação e formação de contratos pela FGV &#8211; Fundação Getúlio Vargas. Curso de Idiomas: Inglês (Avançado) – CCAA (Centro de Cultura Anglo – Americana).</p>
<p>&nbsp;</p>
<p>&nbsp;</p>
<p class="aLF-aPX-K0-aPE">________________________________________________________________________________________________</p>
<p><a href="https://www.sincomam.org.br/wp-content/uploads/2025/10/BARBARA-BARROCO-TEIXEIRA.jpg"><img loading="lazy" decoding="async" class="alignleft wp-image-61726" src="https://www.sincomam.org.br/wp-content/uploads/2025/10/BARBARA-BARROCO-TEIXEIRA-230x300.jpg" alt="" width="143" height="186" srcset="https://www.sincomam.org.br/wp-content/uploads/2025/10/BARBARA-BARROCO-TEIXEIRA-230x300.jpg 230w, https://www.sincomam.org.br/wp-content/uploads/2025/10/BARBARA-BARROCO-TEIXEIRA.jpg 341w" sizes="(max-width: 143px) 100vw, 143px" /></a><strong>Dra. Bárbara Barroco Teixeira</strong></p>
<p><strong>Assessora Jurídica</strong></p>
<p>Advogada, com vasta experiência na área cível, pós-graduada em Docência no Ensino Superior e em Direito Aduaneiro, pós-graduanda em Direito de Família e Sucessões pela Legale Educacional. Advogada do setor contencioso, militante nas áreas do Direito das Famílias e do Direito do Consumidor. Foi estagiária no Núcleo de Primeiro Atendimento da Defensoria Pública do Estado do Rio de Janeiro, atuante no segmento de Família, Infância e Juventude. Proficiência na língua inglesa pela Escola de Idiomas Wizard.</p>
<p>________________________________________________________________________________________________</p>
<p><a href="https://www.sincomam.org.br/wp-content/uploads/2026/01/WhatsApp-Image-2026-01-14-at-16.58.26.jpeg"><img loading="lazy" decoding="async" class="alignleft wp-image-63442" src="https://www.sincomam.org.br/wp-content/uploads/2026/01/WhatsApp-Image-2026-01-14-at-16.58.26-232x300.jpeg" alt="" width="142" height="184" srcset="https://www.sincomam.org.br/wp-content/uploads/2026/01/WhatsApp-Image-2026-01-14-at-16.58.26-232x300.jpeg 232w, https://www.sincomam.org.br/wp-content/uploads/2026/01/WhatsApp-Image-2026-01-14-at-16.58.26.jpeg 297w" sizes="(max-width: 142px) 100vw, 142px" /></a></p>
<p style="font-weight: 400;"><strong>Dra. Yve Bacildo Mançano Batista</strong></p>
<p style="font-weight: 400;"><strong> Assessora Jurídica</strong></p>
<p style="font-weight: 400;">Graduada pela Faculdade Presbiteriana Mackenzie Rio. Pós-graduanda lato sensu em Direito Imobiliário pela Legale. Certificações pela Escola Superior de Advocacia (ESA) em Extinção das Obrigações do Falido, Ilícito Tributário e Conceitos da LGPD.</p>
<p>&nbsp;</p>
<p>________________________________________________________________________________________________</p>
<p><a href="https://www.sincomam.org.br/wp-content/uploads/2026/04/PALOMA-NOIA-DE-OLIVEIRA-HENRIQUES.jpg"><img loading="lazy" decoding="async" class="alignleft wp-image-64814" src="https://www.sincomam.org.br/wp-content/uploads/2026/04/PALOMA-NOIA-DE-OLIVEIRA-HENRIQUES-228x300.jpg" alt="" width="149" height="196" srcset="https://www.sincomam.org.br/wp-content/uploads/2026/04/PALOMA-NOIA-DE-OLIVEIRA-HENRIQUES-228x300.jpg 228w, https://www.sincomam.org.br/wp-content/uploads/2026/04/PALOMA-NOIA-DE-OLIVEIRA-HENRIQUES.jpg 348w" sizes="(max-width: 149px) 100vw, 149px" /></a></p>
<p style="font-weight: 400;"><strong>Dra. Paloma Noia de Oliveira Henriques</strong></p>
<p style="font-weight: 400;"><strong> Assessora Jurídica</strong></p>
<p style="font-weight: 400;">Advogada, graduada pela Universidade Iguaçu-UNIG, Pós-graduada Lato Sensu em direito e processo do trabalho e direito previdenciário, pela universidade Estácio de Sá, militante em Direito do Consumidor e Direito administrativo. Atuou como advogada na Companhia de Desenvolvimento de Nova Iguaçu. Atualmente advogada do setor de Acordos Coletivos de Trabalho.</p>
<p>&nbsp;</p>

<p>Dr. Julio Cezar Torquato  Chefe do Departamento Jurídico Graduado pela Faculdade Brasileira de Ciências Jurídicas (FBCJ), é advogado militante nas áreas de Direito da Família,&#8230;</p>
