{"id":40342,"date":"2022-07-14T09:37:58","date_gmt":"2022-07-14T12:37:58","guid":{"rendered":"http:\/\/www.sincomam.org.br\/?page_id=40342"},"modified":"2022-07-14T09:37:58","modified_gmt":"2022-07-14T12:37:58","slug":"circular-33-2022","status":"publish","type":"page","link":"https:\/\/www.sincomam.org.br\/index.php\/circular-33-2022\/","title":{"rendered":"Circular 33\/2022"},"content":{"rendered":"<p style=\"text-align: right;\">Rio de Janeiro, 13 de julho de 2022.<\/p>\n<p style=\"text-align: left;\">\n<strong>Circular 33\/2022<\/strong><\/p>\n<p style=\"text-align: left;\">\n<strong>Prezados Companheiros,<\/strong><\/p>\n<p>Vimos notificar que o per\u00edodo de manifesta\u00e7\u00e3o de interesse para participar da sele\u00e7\u00e3o do Curso Livre de Ingl\u00eas T\u00e9cnico para Mar\u00edtimos <strong>se encerrar\u00e1 impreterivelmente amanh\u00e3,14\/07\/2022.<\/strong><\/p>\n<p>O curso acontecer\u00e1 entre os dias <strong>18\/07\/2022 a 29\/07\/2022,<\/strong> (exceto s\u00e1bado e domingo) das 14:00h \u00e0s 17:00h, com dura\u00e7\u00e3o de 30 horas, em nossa Sede, sito Avenida Presidente Vargas, 446 \u2013 22\u00ba andar \u2013 Grupo 2206 (nosso plen\u00e1rio) \u2013 Centro \u2013 RJ.<\/p>\n<p>O CDM interessado em participar deve entrar em contato atrav\u00e9s do e-mail sincomam.ntg@terra.com.br.<\/p>\n<p>Caso j\u00e1 tenha se manifestado e recebido a nossa confirma\u00e7\u00e3o n\u00e3o se faz necess\u00e1rio reenvio de e-mail.<\/p>\n<p>Os associados selecionados n\u00e3o ter\u00e3o custo com o curso, pois o mesmo ser\u00e1 integralmente patrocinado pelo SINCOMAM.<\/p>\n<p>Pedimos que se inscrevam somente aqueles que est\u00e3o certos de que poder\u00e3o participar e cumprir os hor\u00e1rios programados.<\/p>\n<p>Na oportunidade, apresentamos nossas cordiais sauda\u00e7\u00f5es.<\/p>\n<p style=\"text-align: center;\">Juntos somos mais fortes!<\/p>\n<p style=\"text-align: center;\">Cordialmente,<\/p>\n<p style=\"text-align: center;\"><strong>ALCIR DA COSTA ALBERNOZ<\/strong><br \/>\nDiretor Presidente<\/p>\n","protected":false},"excerpt":{"rendered":"<p>Rio de Janeiro, 13 de julho de 2022. Circular 33\/2022 Prezados Companheiros, Vimos notificar que o per\u00edodo de manifesta\u00e7\u00e3o de interesse para participar da sele\u00e7\u00e3o&#8230;<\/p>\n","protected":false},"author":1527,"featured_media":0,"parent":0,"menu_order":0,"comment_status":"closed","ping_status":"closed","template":"","meta":{"footnotes":""},"class_list":["post-40342","page","type-page","status-publish","hentry"],"_links":{"self":[{"href":"https:\/\/www.sincomam.org.br\/index.php\/wp-json\/wp\/v2\/pages\/40342","targetHints":{"allow":["GET"]}}],"collection":[{"href":"https:\/\/www.sincomam.org.br\/index.php\/wp-json\/wp\/v2\/pages"}],"about":[{"href":"https:\/\/www.sincomam.org.br\/index.php\/wp-json\/wp\/v2\/types\/page"}],"author":[{"embeddable":true,"href":"https:\/\/www.sincomam.org.br\/index.php\/wp-json\/wp\/v2\/users\/1527"}],"replies":[{"embeddable":true,"href":"https:\/\/www.sincomam.org.br\/index.php\/wp-json\/wp\/v2\/comments?post=40342"}],"version-history":[{"count":2,"href":"https:\/\/www.sincomam.org.br\/index.php\/wp-json\/wp\/v2\/pages\/40342\/revisions"}],"predecessor-version":[{"id":40348,"href":"https:\/\/www.sincomam.org.br\/index.php\/wp-json\/wp\/v2\/pages\/40342\/revisions\/40348"}],"wp:attachment":[{"href":"https:\/\/www.sincomam.org.br\/index.php\/wp-json\/wp\/v2\/media?parent=40342"}],"curies":[{"name":"wp","href":"https:\/\/api.w.org\/{rel}","templated":true}]}}

<p style="text-align: right;">Rio de Janeiro, 13 de julho de 2022.</p>
<p style="text-align: left;">
<strong>Circular 33/2022</strong></p>
<p style="text-align: left;">
<strong>Prezados Companheiros,</strong></p>
<p>Vimos notificar que o período de manifestação de interesse para participar da seleção do Curso Livre de Inglês Técnico para Marítimos <strong>se encerrará impreterivelmente amanhã,14/07/2022.</strong></p>
<p>O curso acontecerá entre os dias <strong>18/07/2022 a 29/07/2022,</strong> (exceto sábado e domingo) das 14:00h às 17:00h, com duração de 30 horas, em nossa Sede, sito Avenida Presidente Vargas, 446 – 22º andar – Grupo 2206 (nosso plenário) – Centro – RJ.</p>
<p>O CDM interessado em participar deve entrar em contato através do e-mail sincomam.ntg@terra.com.br.</p>
<p>Caso já tenha se manifestado e recebido a nossa confirmação não se faz necessário reenvio de e-mail.</p>
<p>Os associados selecionados não terão custo com o curso, pois o mesmo será integralmente patrocinado pelo SINCOMAM.</p>
<p>Pedimos que se inscrevam somente aqueles que estão certos de que poderão participar e cumprir os horários programados.</p>
<p>Na oportunidade, apresentamos nossas cordiais saudações.</p>
<p style="text-align: center;">Juntos somos mais fortes!</p>
<p style="text-align: center;">Cordialmente,</p>
<p style="text-align: center;"><strong>ALCIR DA COSTA ALBERNOZ</strong><br />
Diretor Presidente</p>

<p>Rio de Janeiro, 13 de julho de 2022. Circular 33/2022 Prezados Companheiros, Vimos notificar que o período de manifestação de interesse para participar da seleção&#8230;</p>
