{"id":32817,"date":"2020-12-03T13:55:16","date_gmt":"2020-12-03T16:55:16","guid":{"rendered":"http:\/\/www.sincomam.org.br\/?page_id=32817"},"modified":"2024-07-17T14:42:50","modified_gmt":"2024-07-17T17:42:50","slug":"noticias-em-videos","status":"publish","type":"page","link":"https:\/\/www.sincomam.org.br\/index.php\/noticias-em-videos\/","title":{"rendered":"Not\u00edcias em V\u00eddeos"},"content":{"rendered":"<style>.wp-show-posts-columns#wpsp-52548 {margin-left: -2em; }.wp-show-posts-columns#wpsp-52548 .wp-show-posts-inner {margin: 0 0 2em 2em; }<\/style><section id=\"wpsp-52548\" class=\" wp-show-posts\" style=\"\"><article class=\" wp-show-posts-single wpsp-clearfix post-51475 post type-post status-publish format-standard hentry category-noticias-videos category-videos\" itemtype=\"http:\/\/schema.org\/CreativeWork\" itemscope><div class=\"wp-show-posts-inner\" style=\"\">\t\t\t\t\t\t<header class=\"wp-show-posts-entry-header\">\n\t\t\t\t\t\t\t<h2 class=\"wp-show-posts-entry-title\" itemprop=\"headline\"><a href=\"https:\/\/www.sincomam.org.br\/index.php\/juiza-decide-que-somente-sindicalizados-tem-direito-aos-beneficios-do-acordo-coletivo-de-trabalho\/\" rel=\"bookmark\">Juiz decide que somente sindicalizados tem direito aos benef\u00edcios do acordo coletivo de trabalho<\/a><\/h2><div class=\"wp-show-posts-entry-meta wp-show-posts-entry-meta-below-title post-meta-inline\"><span class=\"wp-show-posts-posted-on wp-show-posts-meta\">\n\t\t\t\t\t<a href=\"https:\/\/www.sincomam.org.br\/index.php\/juiza-decide-que-somente-sindicalizados-tem-direito-aos-beneficios-do-acordo-coletivo-de-trabalho\/\" title=\"12:49\" rel=\"bookmark\"><time class=\"wp-show-posts-entry-date published\" datetime=\"2024-05-23T12:49:21-03:00\" itemprop=\"datePublished\">23 de maio de 2024<\/time><time class=\"wp-show-posts-updated\" datetime=\"2024-05-23T12:52:41-03:00\" itemprop=\"dateModified\">23 de maio de 2024<\/time><\/a>\n\t\t\t\t<\/span><\/div>\t\t\t\t\t\t<\/header><!-- .entry-header -->\n\t\t\t\t\t\t\t\t\t\t\t<div class=\"wp-show-posts-entry-content\" itemprop=\"text\">\n\t\t\t\t\t\t\t<div style=\"width: 432px;\" class=\"wp-video\"><video class=\"wp-video-shortcode\" id=\"video-51475-1\" width=\"432\" height=\"240\" preload=\"metadata\" controls=\"controls\"><source type=\"video\/mp4\" src=\"https:\/\/www.sincomam.org.br\/wp-content\/uploads\/2024\/05\/Video-do-WhatsApp-de-2024-05-21-as-14.21.26_1b075673.mp4?_=1\" \/><a href=\"https:\/\/www.sincomam.org.br\/wp-content\/uploads\/2024\/05\/Video-do-WhatsApp-de-2024-05-21-as-14.21.26_1b075673.mp4\">https:\/\/www.sincomam.org.br\/wp-content\/uploads\/2024\/05\/Video-do-WhatsApp-de-2024-05-21-as-14.21.26_1b075673.mp4<\/a><\/video><\/div>\n<p>&nbsp;<\/p>\n<p>&nbsp;<\/p>\n\t\t\t\t\t\t<\/div><!-- .entry-content -->\n\t\t\t\t\t<\/div><!-- wp-show-posts-inner --><div class=\"wpsp-clear\"><\/div><\/article><article class=\" wp-show-posts-single wpsp-clearfix post-35331 post type-post status-publish format-standard hentry category-noticias-videos category-videos\" itemtype=\"http:\/\/schema.org\/CreativeWork\" itemscope><div class=\"wp-show-posts-inner\" style=\"\">\t\t\t\t\t\t<header class=\"wp-show-posts-entry-header\">\n\t\t\t\t\t\t\t<h2 class=\"wp-show-posts-entry-title\" itemprop=\"headline\"><a href=\"https:\/\/www.sincomam.org.br\/index.php\/forcas-armadas-auxiliam-na-vacinacao-contra-a-covid-19-em-brasilia\/\" rel=\"bookmark\">For\u00e7as Armadas auxiliam na vacina\u00e7\u00e3o contra a Covid-19 em Bras\u00edlia<\/a><\/h2><div class=\"wp-show-posts-entry-meta wp-show-posts-entry-meta-below-title post-meta-inline\"><span class=\"wp-show-posts-posted-on wp-show-posts-meta\">\n\t\t\t\t\t<a href=\"https:\/\/www.sincomam.org.br\/index.php\/forcas-armadas-auxiliam-na-vacinacao-contra-a-covid-19-em-brasilia\/\" title=\"12:06\" rel=\"bookmark\"><time class=\"wp-show-posts-entry-date published\" datetime=\"2022-12-21T12:06:11-03:00\" itemprop=\"datePublished\">21 de dezembro de 2022<\/time><time class=\"wp-show-posts-updated\" datetime=\"2022-12-21T12:03:51-03:00\" itemprop=\"dateModified\">21 de dezembro de 2022<\/time><\/a>\n\t\t\t\t<\/span><\/div>\t\t\t\t\t\t<\/header><!-- .entry-header -->\n\t\t\t\t\t\t\t\t\t\t\t<div class=\"wp-show-posts-entry-content\" itemprop=\"text\">\n\t\t\t\t\t\t\t<p><iframe title=\"For\u00e7as Armadas auxiliam na vacina\u00e7\u00e3o contra a Covid-19 em Bras\u00edlia\" width=\"470\" height=\"264\" src=\"https:\/\/www.youtube.com\/embed\/LFKAX4wMkzk?start=5&#038;feature=oembed\" frameborder=\"0\" allow=\"accelerometer; autoplay; clipboard-write; encrypted-media; gyroscope; picture-in-picture; web-share\" referrerpolicy=\"strict-origin-when-cross-origin\" allowfullscreen><\/iframe><\/p>\n<p>&nbsp;<\/p>\n\t\t\t\t\t\t<\/div><!-- .entry-content -->\n\t\t\t\t\t<\/div><!-- wp-show-posts-inner --><div class=\"wpsp-clear\"><\/div><\/article><article class=\" wp-show-posts-single wpsp-clearfix post-34402 post type-post status-publish format-standard hentry category-noticias-videos\" itemtype=\"http:\/\/schema.org\/CreativeWork\" itemscope><div class=\"wp-show-posts-inner\" style=\"\">\t\t\t\t\t\t<header class=\"wp-show-posts-entry-header\">\n\t\t\t\t\t\t\t<h2 class=\"wp-show-posts-entry-title\" itemprop=\"headline\"><a href=\"https:\/\/www.sincomam.org.br\/index.php\/amazonia-azul-marinha-do-brasil\/\" rel=\"bookmark\">Amaz\u00f4nia Azul &#8211; Marinha do Brasil<\/a><\/h2><div class=\"wp-show-posts-entry-meta wp-show-posts-entry-meta-below-title post-meta-inline\"><span class=\"wp-show-posts-posted-on wp-show-posts-meta\">\n\t\t\t\t\t<a href=\"https:\/\/www.sincomam.org.br\/index.php\/amazonia-azul-marinha-do-brasil\/\" title=\"12:04\" rel=\"bookmark\"><time class=\"wp-show-posts-entry-date published\" datetime=\"2022-12-21T12:04:15-03:00\" itemprop=\"datePublished\">21 de dezembro de 2022<\/time><time class=\"wp-show-posts-updated\" datetime=\"2022-12-21T12:02:28-03:00\" itemprop=\"dateModified\">21 de dezembro de 2022<\/time><\/a>\n\t\t\t\t<\/span><\/div>\t\t\t\t\t\t<\/header><!-- .entry-header -->\n\t\t\t\t\t\t\t\t\t\t\t<div class=\"wp-show-posts-entry-content\" itemprop=\"text\">\n\t\t\t\t\t\t\t<p><iframe title=\"Amazo\u0302nia Azul\" width=\"470\" height=\"264\" src=\"https:\/\/www.youtube.com\/embed\/Qi8zhL3yNzg?feature=oembed\" frameborder=\"0\" allow=\"accelerometer; autoplay; clipboard-write; encrypted-media; gyroscope; picture-in-picture; web-share\" referrerpolicy=\"strict-origin-when-cross-origin\" allowfullscreen><\/iframe><\/p>\n\t\t\t\t\t\t<\/div><!-- .entry-content -->\n\t\t\t\t\t<\/div><!-- wp-show-posts-inner --><div class=\"wpsp-clear\"><\/div><\/article><article class=\" wp-show-posts-single wpsp-clearfix post-43000 post type-post status-publish format-standard hentry category-noticias-videos category-videos\" itemtype=\"http:\/\/schema.org\/CreativeWork\" itemscope><div class=\"wp-show-posts-inner\" style=\"\">\t\t\t\t\t\t<header class=\"wp-show-posts-entry-header\">\n\t\t\t\t\t\t\t<h2 class=\"wp-show-posts-entry-title\" itemprop=\"headline\"><a href=\"https:\/\/www.sincomam.org.br\/index.php\/o-sindicato-e-a-voz-dos-trabalhadores\/\" rel=\"bookmark\">O sindicato \u00e9 a voz dos trabalhadores<\/a><\/h2><div class=\"wp-show-posts-entry-meta wp-show-posts-entry-meta-below-title post-meta-inline\"><span class=\"wp-show-posts-posted-on wp-show-posts-meta\">\n\t\t\t\t\t<a href=\"https:\/\/www.sincomam.org.br\/index.php\/o-sindicato-e-a-voz-dos-trabalhadores\/\" title=\"11:58\" rel=\"bookmark\"><time class=\"wp-show-posts-entry-date published\" datetime=\"2022-12-21T11:58:02-03:00\" itemprop=\"datePublished\">21 de dezembro de 2022<\/time><time class=\"wp-show-posts-updated\" datetime=\"2022-12-22T12:59:47-03:00\" itemprop=\"dateModified\">22 de dezembro de 2022<\/time><\/a>\n\t\t\t\t<\/span><\/div>\t\t\t\t\t\t<\/header><!-- .entry-header -->\n\t\t\t\t\t\t\t\t\t\t\t<div class=\"wp-show-posts-entry-content\" itemprop=\"text\">\n\t\t\t\t\t\t\t<div style=\"width: 1920px;\" class=\"wp-video\"><video class=\"wp-video-shortcode\" id=\"video-43000-2\" width=\"1920\" height=\"1080\" preload=\"metadata\" controls=\"controls\"><source type=\"video\/mp4\" src=\"https:\/\/www.sincomam.org.br\/wp-content\/uploads\/2022\/12\/WhatsApp-Video-2022-12-21-at-08.45.21.mp4?_=2\" \/><a href=\"https:\/\/www.sincomam.org.br\/wp-content\/uploads\/2022\/12\/WhatsApp-Video-2022-12-21-at-08.45.21.mp4\">https:\/\/www.sincomam.org.br\/wp-content\/uploads\/2022\/12\/WhatsApp-Video-2022-12-21-at-08.45.21.mp4<\/a><\/video><\/div>\n\t\t\t\t\t\t<\/div><!-- .entry-content -->\n\t\t\t\t\t<\/div><!-- wp-show-posts-inner --><div class=\"wpsp-clear\"><\/div><\/article><article class=\" wp-show-posts-single wpsp-clearfix post-34380 post type-post status-publish format-standard hentry category-noticias-videos\" itemtype=\"http:\/\/schema.org\/CreativeWork\" itemscope><div class=\"wp-show-posts-inner\" style=\"\">\t\t\t\t\t\t<header class=\"wp-show-posts-entry-header\">\n\t\t\t\t\t\t\t<h2 class=\"wp-show-posts-entry-title\" itemprop=\"headline\"><a href=\"https:\/\/www.sincomam.org.br\/index.php\/joe-biden-fala-sobre-a-importancia-dos-sindicatos\/\" rel=\"bookmark\">Joe Biden fala sobre a import\u00e2ncia dos sindicatos<\/a><\/h2><div class=\"wp-show-posts-entry-meta wp-show-posts-entry-meta-below-title post-meta-inline\"><span class=\"wp-show-posts-posted-on wp-show-posts-meta\">\n\t\t\t\t\t<a href=\"https:\/\/www.sincomam.org.br\/index.php\/joe-biden-fala-sobre-a-importancia-dos-sindicatos\/\" title=\"14:13\" rel=\"bookmark\"><time class=\"wp-show-posts-entry-date published\" datetime=\"2021-03-23T14:13:57-03:00\" itemprop=\"datePublished\">23 de mar\u00e7o de 2021<\/time><time class=\"wp-show-posts-updated\" datetime=\"2021-03-23T14:16:31-03:00\" itemprop=\"dateModified\">23 de mar\u00e7o de 2021<\/time><\/a>\n\t\t\t\t<\/span><\/div>\t\t\t\t\t\t<\/header><!-- .entry-header -->\n\t\t\t\t\t\t\t\t\t\t\t<div class=\"wp-show-posts-entry-content\" itemprop=\"text\">\n\t\t\t\t\t\t\t<div style=\"width: 1920px;\" class=\"wp-video\"><video class=\"wp-video-shortcode\" id=\"video-34380-3\" width=\"1920\" height=\"1080\" preload=\"metadata\" controls=\"controls\"><source type=\"video\/mp4\" src=\"https:\/\/www.sincomam.org.br\/wp-content\/uploads\/2021\/03\/WhatsApp-Video-2021-03-23-at-09.50.21.mp4?_=3\" \/><a href=\"https:\/\/www.sincomam.org.br\/wp-content\/uploads\/2021\/03\/WhatsApp-Video-2021-03-23-at-09.50.21.mp4\">https:\/\/www.sincomam.org.br\/wp-content\/uploads\/2021\/03\/WhatsApp-Video-2021-03-23-at-09.50.21.mp4<\/a><\/video><\/div>\n\t\t\t\t\t\t<\/div><!-- .entry-content -->\n\t\t\t\t\t<\/div><!-- wp-show-posts-inner --><div class=\"wpsp-clear\"><\/div><\/article><\/section><!-- .wp-show-posts --><div class=\"wpsp-load-more\"><span aria-current=\"page\" class=\"page-numbers current\">1<\/span>\n<a class=\"page-numbers\" href=\"https:\/\/www.sincomam.org.br\/index.php\/wp-json\/wp\/v2\/pages\/32817\/page\/2\/\">2<\/a>\n<a class=\"page-numbers\" href=\"https:\/\/www.sincomam.org.br\/index.php\/wp-json\/wp\/v2\/pages\/32817\/page\/3\/\">3<\/a>\n<a class=\"next page-numbers\" href=\"https:\/\/www.sincomam.org.br\/index.php\/wp-json\/wp\/v2\/pages\/32817\/page\/2\/\">Pr\u00f3ximo &rarr;<\/a><\/div>\n","protected":false},"excerpt":{"rendered":"","protected":false},"author":3,"featured_media":0,"parent":0,"menu_order":0,"comment_status":"closed","ping_status":"closed","template":"","meta":{"footnotes":""},"class_list":["post-32817","page","type-page","status-publish","hentry"],"_links":{"self":[{"href":"https:\/\/www.sincomam.org.br\/index.php\/wp-json\/wp\/v2\/pages\/32817","targetHints":{"allow":["GET"]}}],"collection":[{"href":"https:\/\/www.sincomam.org.br\/index.php\/wp-json\/wp\/v2\/pages"}],"about":[{"href":"https:\/\/www.sincomam.org.br\/index.php\/wp-json\/wp\/v2\/types\/page"}],"author":[{"embeddable":true,"href":"https:\/\/www.sincomam.org.br\/index.php\/wp-json\/wp\/v2\/users\/3"}],"replies":[{"embeddable":true,"href":"https:\/\/www.sincomam.org.br\/index.php\/wp-json\/wp\/v2\/comments?post=32817"}],"version-history":[{"count":2,"href":"https:\/\/www.sincomam.org.br\/index.php\/wp-json\/wp\/v2\/pages\/32817\/revisions"}],"predecessor-version":[{"id":52549,"href":"https:\/\/www.sincomam.org.br\/index.php\/wp-json\/wp\/v2\/pages\/32817\/revisions\/52549"}],"wp:attachment":[{"href":"https:\/\/www.sincomam.org.br\/index.php\/wp-json\/wp\/v2\/media?parent=32817"}],"curies":[{"name":"wp","href":"https:\/\/api.w.org\/{rel}","templated":true}]}}

Notícias em Vídeos

<style>.wp-show-posts-columns#wpsp-52548 {margin-left: -2em; }.wp-show-posts-columns#wpsp-52548 .wp-show-posts-inner {margin: 0 0 2em 2em; }</style><section id="wpsp-52548" class=" wp-show-posts" style=""><article class=" wp-show-posts-single wpsp-clearfix post-51475 post type-post status-publish format-standard hentry category-noticias-videos category-videos" itemtype="http://schema.org/CreativeWork" itemscope><div class="wp-show-posts-inner" style="">						<header class="wp-show-posts-entry-header">
							<h2 class="wp-show-posts-entry-title" itemprop="headline"><a href="https://www.sincomam.org.br/index.php/juiza-decide-que-somente-sindicalizados-tem-direito-aos-beneficios-do-acordo-coletivo-de-trabalho/" rel="bookmark">Juiz decide que somente sindicalizados tem direito aos benefícios do acordo coletivo de trabalho</a></h2><div class="wp-show-posts-entry-meta wp-show-posts-entry-meta-below-title post-meta-inline"><span class="wp-show-posts-posted-on wp-show-posts-meta">
					<a href="https://www.sincomam.org.br/index.php/juiza-decide-que-somente-sindicalizados-tem-direito-aos-beneficios-do-acordo-coletivo-de-trabalho/" title="12:49" rel="bookmark"><time class="wp-show-posts-entry-date published" datetime="2024-05-23T12:49:21-03:00" itemprop="datePublished">23 de maio de 2024</time><time class="wp-show-posts-updated" datetime="2024-05-23T12:52:41-03:00" itemprop="dateModified">23 de maio de 2024</time></a>
				</span></div>						</header><!-- .entry-header -->
											<div class="wp-show-posts-entry-content" itemprop="text">
							<div style="width: 432px;" class="wp-video"><video class="wp-video-shortcode" id="video-51475-1" width="432" height="240" preload="metadata" controls="controls"><source type="video/mp4" src="https://www.sincomam.org.br/wp-content/uploads/2024/05/Video-do-WhatsApp-de-2024-05-21-as-14.21.26_1b075673.mp4?_=1" /><a href="https://www.sincomam.org.br/wp-content/uploads/2024/05/Video-do-WhatsApp-de-2024-05-21-as-14.21.26_1b075673.mp4">https://www.sincomam.org.br/wp-content/uploads/2024/05/Video-do-WhatsApp-de-2024-05-21-as-14.21.26_1b075673.mp4</a></video></div>
<p>&nbsp;</p>
<p>&nbsp;</p>
						</div><!-- .entry-content -->
					</div><!-- wp-show-posts-inner --><div class="wpsp-clear"></div></article><article class=" wp-show-posts-single wpsp-clearfix post-35331 post type-post status-publish format-standard hentry category-noticias-videos category-videos" itemtype="http://schema.org/CreativeWork" itemscope><div class="wp-show-posts-inner" style="">						<header class="wp-show-posts-entry-header">
							<h2 class="wp-show-posts-entry-title" itemprop="headline"><a href="https://www.sincomam.org.br/index.php/forcas-armadas-auxiliam-na-vacinacao-contra-a-covid-19-em-brasilia/" rel="bookmark">Forças Armadas auxiliam na vacinação contra a Covid-19 em Brasília</a></h2><div class="wp-show-posts-entry-meta wp-show-posts-entry-meta-below-title post-meta-inline"><span class="wp-show-posts-posted-on wp-show-posts-meta">
					<a href="https://www.sincomam.org.br/index.php/forcas-armadas-auxiliam-na-vacinacao-contra-a-covid-19-em-brasilia/" title="12:06" rel="bookmark"><time class="wp-show-posts-entry-date published" datetime="2022-12-21T12:06:11-03:00" itemprop="datePublished">21 de dezembro de 2022</time><time class="wp-show-posts-updated" datetime="2022-12-21T12:03:51-03:00" itemprop="dateModified">21 de dezembro de 2022</time></a>
				</span></div>						</header><!-- .entry-header -->
											<div class="wp-show-posts-entry-content" itemprop="text">
							<p><iframe title="Forças Armadas auxiliam na vacinação contra a Covid-19 em Brasília" width="470" height="264" src="https://www.youtube.com/embed/LFKAX4wMkzk?start=5&#038;feature=oembed" frameborder="0" allow="accelerometer; autoplay; clipboard-write; encrypted-media; gyroscope; picture-in-picture; web-share" referrerpolicy="strict-origin-when-cross-origin" allowfullscreen></iframe></p>
<p>&nbsp;</p>
						</div><!-- .entry-content -->
					</div><!-- wp-show-posts-inner --><div class="wpsp-clear"></div></article><article class=" wp-show-posts-single wpsp-clearfix post-34402 post type-post status-publish format-standard hentry category-noticias-videos" itemtype="http://schema.org/CreativeWork" itemscope><div class="wp-show-posts-inner" style="">						<header class="wp-show-posts-entry-header">
							<h2 class="wp-show-posts-entry-title" itemprop="headline"><a href="https://www.sincomam.org.br/index.php/amazonia-azul-marinha-do-brasil/" rel="bookmark">Amazônia Azul &#8211; Marinha do Brasil</a></h2><div class="wp-show-posts-entry-meta wp-show-posts-entry-meta-below-title post-meta-inline"><span class="wp-show-posts-posted-on wp-show-posts-meta">
					<a href="https://www.sincomam.org.br/index.php/amazonia-azul-marinha-do-brasil/" title="12:04" rel="bookmark"><time class="wp-show-posts-entry-date published" datetime="2022-12-21T12:04:15-03:00" itemprop="datePublished">21 de dezembro de 2022</time><time class="wp-show-posts-updated" datetime="2022-12-21T12:02:28-03:00" itemprop="dateModified">21 de dezembro de 2022</time></a>
				</span></div>						</header><!-- .entry-header -->
											<div class="wp-show-posts-entry-content" itemprop="text">
							<p><iframe title="Amazônia Azul" width="470" height="264" src="https://www.youtube.com/embed/Qi8zhL3yNzg?feature=oembed" frameborder="0" allow="accelerometer; autoplay; clipboard-write; encrypted-media; gyroscope; picture-in-picture; web-share" referrerpolicy="strict-origin-when-cross-origin" allowfullscreen></iframe></p>
						</div><!-- .entry-content -->
					</div><!-- wp-show-posts-inner --><div class="wpsp-clear"></div></article><article class=" wp-show-posts-single wpsp-clearfix post-43000 post type-post status-publish format-standard hentry category-noticias-videos category-videos" itemtype="http://schema.org/CreativeWork" itemscope><div class="wp-show-posts-inner" style="">						<header class="wp-show-posts-entry-header">
							<h2 class="wp-show-posts-entry-title" itemprop="headline"><a href="https://www.sincomam.org.br/index.php/o-sindicato-e-a-voz-dos-trabalhadores/" rel="bookmark">O sindicato é a voz dos trabalhadores</a></h2><div class="wp-show-posts-entry-meta wp-show-posts-entry-meta-below-title post-meta-inline"><span class="wp-show-posts-posted-on wp-show-posts-meta">
					<a href="https://www.sincomam.org.br/index.php/o-sindicato-e-a-voz-dos-trabalhadores/" title="11:58" rel="bookmark"><time class="wp-show-posts-entry-date published" datetime="2022-12-21T11:58:02-03:00" itemprop="datePublished">21 de dezembro de 2022</time><time class="wp-show-posts-updated" datetime="2022-12-22T12:59:47-03:00" itemprop="dateModified">22 de dezembro de 2022</time></a>
				</span></div>						</header><!-- .entry-header -->
											<div class="wp-show-posts-entry-content" itemprop="text">
							<div style="width: 1920px;" class="wp-video"><video class="wp-video-shortcode" id="video-43000-2" width="1920" height="1080" preload="metadata" controls="controls"><source type="video/mp4" src="https://www.sincomam.org.br/wp-content/uploads/2022/12/WhatsApp-Video-2022-12-21-at-08.45.21.mp4?_=2" /><a href="https://www.sincomam.org.br/wp-content/uploads/2022/12/WhatsApp-Video-2022-12-21-at-08.45.21.mp4">https://www.sincomam.org.br/wp-content/uploads/2022/12/WhatsApp-Video-2022-12-21-at-08.45.21.mp4</a></video></div>
						</div><!-- .entry-content -->
					</div><!-- wp-show-posts-inner --><div class="wpsp-clear"></div></article><article class=" wp-show-posts-single wpsp-clearfix post-34380 post type-post status-publish format-standard hentry category-noticias-videos" itemtype="http://schema.org/CreativeWork" itemscope><div class="wp-show-posts-inner" style="">						<header class="wp-show-posts-entry-header">
							<h2 class="wp-show-posts-entry-title" itemprop="headline"><a href="https://www.sincomam.org.br/index.php/joe-biden-fala-sobre-a-importancia-dos-sindicatos/" rel="bookmark">Joe Biden fala sobre a importância dos sindicatos</a></h2><div class="wp-show-posts-entry-meta wp-show-posts-entry-meta-below-title post-meta-inline"><span class="wp-show-posts-posted-on wp-show-posts-meta">
					<a href="https://www.sincomam.org.br/index.php/joe-biden-fala-sobre-a-importancia-dos-sindicatos/" title="14:13" rel="bookmark"><time class="wp-show-posts-entry-date published" datetime="2021-03-23T14:13:57-03:00" itemprop="datePublished">23 de março de 2021</time><time class="wp-show-posts-updated" datetime="2021-03-23T14:16:31-03:00" itemprop="dateModified">23 de março de 2021</time></a>
				</span></div>						</header><!-- .entry-header -->
											<div class="wp-show-posts-entry-content" itemprop="text">
							<div style="width: 1920px;" class="wp-video"><video class="wp-video-shortcode" id="video-34380-3" width="1920" height="1080" preload="metadata" controls="controls"><source type="video/mp4" src="https://www.sincomam.org.br/wp-content/uploads/2021/03/WhatsApp-Video-2021-03-23-at-09.50.21.mp4?_=3" /><a href="https://www.sincomam.org.br/wp-content/uploads/2021/03/WhatsApp-Video-2021-03-23-at-09.50.21.mp4">https://www.sincomam.org.br/wp-content/uploads/2021/03/WhatsApp-Video-2021-03-23-at-09.50.21.mp4</a></video></div>
						</div><!-- .entry-content -->
					</div><!-- wp-show-posts-inner --><div class="wpsp-clear"></div></article></section><!-- .wp-show-posts --><div class="wpsp-load-more"><span aria-current="page" class="page-numbers current">1</span>
<a class="page-numbers" href="https://www.sincomam.org.br/index.php/wp-json/wp/v2/pages/32817/page/2/">2</a>
<a class="page-numbers" href="https://www.sincomam.org.br/index.php/wp-json/wp/v2/pages/32817/page/3/">3</a>
<a class="next page-numbers" href="https://www.sincomam.org.br/index.php/wp-json/wp/v2/pages/32817/page/2/">Próximo &rarr;</a></div>
